 is the remainder when 33480 is divided by 2122?
1650
Calculate the remainder when 16674608 is divided by 8936.
32
What is the remainder when 6115423 is divided by 2098?
1851
What is the remainder when 60261870 is divided by 21?
18
Calculate the remainder when 148631781 is divided by 1916.
1913
Calculate the remainder when 92054687 is divided by 487.
486
Calculate the remainder when 1341613 is divided by 670786.
41
What is the remainder when 2123891 is divided by 530858?
459
Calculate the remainder when 96770 is divided by 32123.
401
What is the remainder when 3611431 is divided by 133754?
73
Calculate the remainder when 39207682 is divided by 62.
60
Calculate the remainder when 9092477 is divided by 5773.
2
Calculate the remainder when 59788 is divided by 7185.
2308
What is the remainder when 6675533 is divided by 161?
151
Calculate the remainder when 4876476 is divided by 97527.
126
What is the remainder when 22907650 is divided by 50?
0
Calculate the remainder when 1375517 is divided by 178.
111
Calculate the remainder when 3254837 is divided by 464973.
26
What is the remainder when 1245468 is divided by 10864?
6972
Calculate the remainder when 61506 is divided by 10938.
6816
What is the remainder when 479632 is divided by 1167?
1162
Calculate the remainder when 81187 is divided by 37100.
6987
What is the remainder when 128133984 is divided by 4388?
4384
What is the remainder when 19884 is divided by 621?
12
Calculate the remainder when 420749 is divided by 30.
29
Calculate the remainder when 431474 is divided by 1330.
554
Calculate the remainder when 506626 is divided by 45806.
2760
Calculate the remainder when 87167905 is divided by 29055965.
10
Calculate the remainder when 7690806 is divided by 147900.
6
Calculate the remainder when 193930 is divided by 116.
94
Calculate the remainder when 53486 is divided by 53350.
136
What is the remainder when 10517632 is divided by 856?
816
What is the remainder when 894025 is divided by 1309?
1287
Calculate the remainder when 824096 is divided by 91302.
2378
Calculate the remainder when 11742244 is divided by 88287.
73
Calculate the remainder when 19000477 is divided by 193.
13
Calculate the remainder when 400552 is divided by 52.
48
What is the remainder when 116718 is divided by 137?
131
Calculate the remainder when 34247 is divided by 1597.
710
What is the remainder when 10380 is divided by 2591?
16
Calculate the remainder when 57141 is divided by 4334.
799
What is the remainder when 177134743 is divided by 43?
27
What is the remainder when 319358216 is divided by 8631303?
5
What is the remainder when 2843956 is divided by 17?
9
What is the remainder when 170154 is divided by 83?
4
Calculate the remainder when 287824760 is divided by 3128530.
0
Calculate the remainder when 904436660 is divided by 452218324.
12
Calculate the remainder when 370527154 is divided by 3284.
2
What is the remainder when 610137 is divided by 73?
3
Calculate the remainder when 509749 is divided by 56630.
79
Calculate the remainder when 96534638 is divided by 4177.
4168
Calculate the remainder when 217893368 is divided by 316.
308
Calculate the remainder when 154478 is divided by 378.
254
Calculate the remainder when 45555 is divided by 1307.
1117
What is the remainder when 167674 is divided by 5404?
150
What is the remainder when 12315677 is divided by 679?
654
Calculate the remainder when 78172 is divided by 38501.
1170
Calculate the remainder when 6098730 is divided by 1080.
1050
Calculate the remainder when 733316 is divided by 4072.
356
What is the remainder when 4158503 is divided by 2191?
2176
What is the remainder when 2745557 is divided by 3623?
2946
What is the remainder when 9751836 is divided by 94678?
2
Calculate the remainder when 38651771 is divided by 166.
165
What is the remainder when 2679728 is divided by 1339856?
16
Calculate the remainder when 76769950 is divided by 161.
159
What is the remainder when 356504 is divided by 23759?
119
Calculate the remainder when 923654300 is divided by 288.
284
Calculate the remainder when 236650060 is divided by 17.
13
What is the remainder when 999490 is divided by 90678?
2032
Calculate the remainder when 4191835 is divided by 110311.
17
Calculate the remainder when 83365 is divided by 13884.
61
What is the remainder when 28797312 is divided by 125?
62
What is the remainder when 3626 is divided by 558?
278
What is the remainder when 1041743679 is divided by 170?
169
What is the remainder when 75034 is divided by 24946?
196
Calculate the remainder when 110152 is divided by 36648.
208
What is the remainder when 111661 is divided by 156?
121
Calculate the remainder when 51014 is divided by 460.
414
Calculate the remainder when 147320 is divided by 201.
188
Calculate the remainder when 737941 is divided by 1036.
309
Calculate the remainder when 83340 is divided by 2767.
330
Calculate the remainder when 634234 is divided by 3.
1
Calculate the remainder when 49446530 is divided by 659287.
5
What is the remainder when 46895564 is divided by 106?
104
Calculate the remainder when 100288 is divided by 10007.
218
Calculate the remainder when 7470 is divided by 1828.
158
What is the remainder when 1374712 is divided by 687323?
66
Calculate the remainder when 3561348 is divided by 182.
154
What is the remainder when 75975 is divided by 18613?
1523
Calculate the remainder when 104036 is divided by 8632.
452
What is the remainder when 6057972794 is divided by 17?
14
Calculate the remainder when 97224603 is divided by 74.
73
Calculate the remainder when 22717857 is divided by 30.
27
Calculate the remainder when 4632100 is divided by 904.
4
Calculate the remainder when 2686525 is divided by 578.
559
What is the remainder when 4821260 is divided by 4821259?
1
What is the remainder when 1122494716 is divided by 17?
16
What is the remainder when 121656 is divided by 24300?
156
Calculate the remainder when 14532 is divided by 4673.
513
Calculate the remainder when 3863527 is divided by 5097.
1
Calculate the remainder when 1602355 is divided by 16866.
85
Calculate the remainder when 45259 is divided by 2382.
1
What is the remainder when 2349750 is divided by 80?
70
Calculate the remainder when 777779 is divided by 9593.
746
What is the remainder when 1046838 is divided by 1046812?
26
Calculate the remainder when 19522223 is divided by 3462.
5
Calculate the remainder when 428829 is divided by 338.
245
What is the remainder when 29023 is divided by 4666?
1027
What is the remainder when 47908789 is divided by 305?
304
What is the remainder when 797379 is divided by 12?
3
What is the remainder when 341258 is divided by 1037?
85
Calculate the remainder when 26432529 is divided by 218450.
79
Calculate the remainder when 2872999 is divided by 42249.
67
What is the remainder when 2486739 is divided by 1243343?
53
What is the remainder when 249434 is divided by 1905?
1784
Calculate the remainder when 5321714 is divided by 14620.
34
What is the remainder when 47767 is divided by 67?
63
What is the remainder when 2469327 is divided by 57?
30
Calculate the remainder when 4094736 is divided by 5695.
31
Calculate the remainder when 1942026 is divided by 709.
75
Calculate the remainder when 283901 is divided by 4882.
745
Calculate the remainder when 947226729 is divided by 105.
99
Calculate the remainder when 304703 is divided by 67.
54
Calculate the remainder when 17943669 is divided by 8971738.
193
What is the remainder when 41951309 is divided by 1112?
1109
What is the remainder when 46405 is divided by 5990?
4475
What is the remainder when 97984 is divided by 8402?
5562
What is the remainder when 3407983 is divided by 797?
11
Calculate the remainder when 936787 is divided by 3133.
20
What is the remainder when 119679 is divided by 399?
378
What is the remainder when 93890 is divided by 260?
30
Calculate the remainder when 8284 is divided by 882.
346
Calculate the remainder when 1175169 is divided by 19918.
7
What is the remainder when 445501 is divided by 148493?
22
Calculate the remainder when 1469175 is divided by 252.
15
What is the remainder when 342884 is divided by 168824?
5236
What is the remainder when 45271 is divided by 793?
70
Calculate the remainder when 13611 is divided by 1365.
132